) = -9*q + 84. What is p(10)?
-6
Let l(n) = n**3 - 6*n**2 - 19*n + 101. Determine l(6).
-13
Let l(p) = -p**3 - 10*p**2 - 16*p - 8. Calculate l(-8).
-8
Let j(b) = -3*b**2 - 18*b - 2. What is j(-6)?
-2
Let x(g) = -2*g**3 + 4*g**2 + 5*g - 5. Determine x(4).
-49
Let s(y) = -5*y**2 + 13*y + 4. Give s(4).
-24
Let n(g) = -2*g - 2. Give n(-8).
14
Let v(i) = -i**3 - 11*i**2 + 2*i + 12. Calculate v(-11).
-10
Let u(i) = i**3 - 4*i**2 - 2*i + 7. What is u(4)?
-1
Let r(i) = 3*i**3 - 122*i**2 + 79*i + 34. What is r(40)?
-6
Let t(h) = h**3 + 12*h**2 + 24*h + 31. What is t(-10)?
-9
Let c(d) = -d**2 + 17*d + 17. Give c(17).
17
Let h(m) = m**3 - 3*m**2 - 4*m - 3. What is h(4)?
-3
Let u(q) = q**2 + 4*q - 21. Determine u(-9).
24
Let j(h) = 7*h**3 + h**2 - 2*h. Calculate j(2).
56
Let z(x) = -x**3 - 5*x**2 - 5*x + 3. What is z(-4)?
7
Let w(i) = -3*i**2 + 4*i + 12. Give w(-4).
-52
Let o(b) = -5*b**3 + b**2 + 2*b + 2. Determine o(-1).
6
Let f(p) = -4*p - 9. Calculate f(-4).
7
Let y(d) = -2*d + 6. Determine y(-9).
24
Let k(l) = -5*l - 37. Calculate k(-18).
53
Let a(v) = -2*v + 2. What is a(-1)?
4
Let u(h) = -2*h**3 - 7*h**2 - 6*h - 6. What is u(-3)?
3
Let h(p) = -p**3 - 16*p**2 - 15*p - 2. What is h(-15)?
-2
Let p(d) = 2*d**3 + 12*d**2 - 3*d - 5. What is p(-6)?
13
Let k(g) = -6*g**3 - 5*g**2 + 8*g - 3. Give k(1).
-6
Let y(m) = m**3 - 39*m**2 - 40*m - 18. What is y(40)?
-18
Let d(x) = x**3 - x**2 - x + 2. Calculate d(-4).
-74
Let x(o) = o**3 + 6*o**2 - 2*o + 8. Give x(-6).
20
Let q(n) = -n**3 - 10*n**2 - 15*n - 17. What is q(-9)?
37
Let p(l) = 10*l**2 + l. Calculate p(1).
11
Let c(d) = -2*d**3 + d**2 - 14*d - 6. What is c(0)?
-6
Let k(s) = s**3 - 6*s**2 + 12*s - 20. Determine k(4).
-4
Let d(k) = -k**2 + 4*k + 61. Give d(10).
1
Let f(t) = t**2 + 7*t - 90. What is f(-14)?
8
Let b(d) = d**2 + 3*d - 6. What is b(3)?
12
Let q(c) = -37*c**2 - 2. Give q(1).
-39
Let z(u) = 2*u**2 - 6*u + 8. Calculate z(0).
8
Let n(b) = -b**3 + 7*b**2 - 6*b - 3. Calculate n(5).
17
Let s(t) = t**2 + 24*t + 92. Calculate s(-6).
-16
Let k(h) = h**3 - 11*h**2 + 13*h - 27. Determine k(10).
3
Let q(k) = k**2 + 20. Determine q(0).
20
Let i(p) = 3*p - 8. Determine i(-5).
-23
Let m(j) = 22*j + 1167. Calculate m(-53).
1
Let v(g) = g**2 - 12*g + 29. Calculate v(10).
9
Let u(t) = t + 1. Give u(-8).
-7
Let l(n) = n**2 - 5*n. What is l(6)?
6
Let z(p) = p**2 - 5*p - 7. Give z(11).
59
Let y(q) = -q**3 - 2*q**2 + 2*q - 7. What is y(-3)?
-4
Let b(p) = 8*p + 4. What is b(-4)?
-28
Let s(b) = -b**2 + 49*b - 254. What is s(43)?
4
Let p(b) = -2*b**3 + 2*b**2 - 5*b - 6. Determine p(-1).
3
Let i(x) = 4*x - 5. Calculate i(2).
3
Let p(c) = c - 14. Determine p(15).
1
Let h(a) = 2*a**3 - a**2 + 3*a - 6. What is h(2)?
12
Let h(n) = n**2 - 6*n + 6. Calculate h(6).
6
Let u(g) = -g**2 - 10*g + 4. Give u(-10).
4
Let g(u) = -u**3 + 20*u**2 - 20*u + 22. What is g(19)?
3
Let t(o) = -o**2 - 10*o + 93. Calculate t(6).
-3
Let z(s) = 3*s + 37. Determine z(5).
52
Let u(d) = -d**3 - 9*d**2 - 6*d + 4. What is u(-8)?
-12
Let l(h) = -5*h**2 + 36*h - 4. Determine l(7).
3
Let d(c) = -3*c**3 - 24*c**2 - 5*c - 50. Calculate d(-8).
-10
Let m(b) = 2*b - 23. What is m(6)?
-11
Let c(j) = 9*j - 72. What is c(8)?
0
Let i(d) = 2*d**3 + 14*d**2 - 3*d - 2. What is i(-7)?
19
Let b(y) = -y**2 + 23*y - 106. What is b(17)?
-4
Let v(b) = -b**3 + 18*b**2 - 32*b - 3. Determine v(16).
-3
Let g(q) = 2*q**2 - 16*q. Calculate g(9).
18
Let w(h) = -3*h**2 - 5*h + 1. Determine w(-4).
-27
Let u(z) = -z**3 - 6*z**2 - 4*z + 7. What is u(-5)?
2
Let w(c) = -c**2 - 6*c + 13. Give w(-6).
13
Let k(q) = q**3 - 9*q**2 + 5*q + 6. Calculate k(8).
-18
Let h(v) = -v + 18. Calculate h(-9).
27
Let z(g) = g**3 - 8*g**2 + 8*g + 10. Give z(7).
17
Let a(p) = 2*p**2 + 10*p + 8. Determine a(-3).
-4
Let v(t) = -t**3 + 13*t**2 + 15*t + 3. Determine v(14).
17
Let y(j) = j**3 + 8*j**2 - 7*j + 18. Give y(-9).
0
Let a(r) = -2*r**2 + 7*r + 1. Determine a(5).
-14
Let z(i) = -33*i**2 + i. What is z(-1)?
-34
Let f(x) = -x**3 - 6*x**2 - 8*x - 5. Determine f(-5).
10
Let f(w) = w**3 + 33*w**2 + 33*w + 44. Give f(-32).
12
Let o(m) = 8*m + 15. Determine o(-2).
-1
Let q(v) = -v**2 - 37*v - 168. What is q(-6)?
18
Let g(w) = -3*w**3 + 145*w**2 - 49*w + 45. Give g(48).
-3
Let q(l) = l - 49. Calculate q(-11).
-60
Let l(u) = -2*u + 31. Give l(18).
-5
Let t(p) = p**2 + 6*p - 9. Give t(-6).
-9
Let r(g) = -16*g**2 - g. Calculate r(-1).
-15
Let g(z) = -4*z - 26. Calculate g(-6).
-2
Let b(g) = g**3 - 6*g**2 - 5*g - 12. What is b(7)?
2
Let k(s) = -s**3 + 12*s**2 - 29*s - 10. Give k(7).
32
Let q(o) = -o**2 + 7*o - 10. What is q(6)?
-4
Let l(g) = g**2 + 12*g + 18. Calculate l(-10).
-2
Let p(s) = s**3 + 2*s**2 + 4. What is p(-3)?
-5
Let f(a) = -58*a + 3. Calculate f(1).
-55
Let w(c) = -c**3 - 10*c**2 - 17*c - 2. Calculate w(-8).
6
Let o(r) = r**3 + 7*r**2 + 5*r - 5. Calculate o(-7).
-40
Let p(k) = -25*k + 26. Calculate p(7).
-149
Let z(g) = g**2 - 11*g - 15. Give z(13).
11
Let i(n) = -n**3 + 24*n**2 + 3*n + 28. Calculate i(24).
100
Let w(h) = -2*h + 75. What is w(38)?
-1
Let l(r) = 11*r**3 - r**2 + 2*r + 3. Give l(-1).
-11
Let r(d) = -d**2 + 4*d + 24. Calculate r(8).
-8
Let u(y) = 23*y - 132. Calculate u(6).
6
Let b(t) = 8*t**3 - t**2 + t + 1. Determine b(-1).
-9
Let a(x) = -19*x + 1991. Determine a(105).
-4
Let r(u) = -39*u + 76. Give r(2).
-2
Let t(f) = 450*f + 1803. Determine t(-4).
3
Let g(j) = 4*j - 38. Give g(11).
6
Let b(p) = 2*p - 10. Calculate b(14).
18
Let p(s) = -s**2 + 9*s + 46. Calculate p(11).
24
Let t(u) = u**3 + 4*u - 102. Calculate t(0).
-102
Let d(u) = 14*u**3 + 3*u - 3. Calculate d(1).
14
Let u(t) = -2*t**2 + 2*t - 11. Give u(-4).
-51
Let j(r) = r**3 - 11*r**2 + 29. Calculate j(10).
-71
Let p(m) = m**2 - 8*m - 13. What is p(9)?
-4
Let s(j) = 2*j + 1. Calculate s(-1).
-1
Let a(v) = -v**3 - 5*v**2 + 5*v + 7. Calculate a(-6).
13
Let z(d) = -5*d + 2. Calculate z(9).
-43
Let t(v) = 33*v + 2. Give t(-1).
-31
Let a(p) = p**3 - 4*p**2 - p - 5. Determine a(4).
-9
Let v(b) = -14*b**3 - 2*b**2 - b. What is v(-1)?
13
Let u(l) = -l**3 - 12*l**2 - 13*l - 16. Give u(-11).
6
Let b(g) = 6*g**2 + 8*g - 14. Calculate b(4).
114
Let l(j) = 8*j - 32. Give l(6).
16
Let c(v) = 15*v**3 + 2*v**2 + v - 2. Give c(1).
16
Let r(q) = 4*q + 7. What is r(-2)?
-1
Let y(i) = i**3 - 30*i**2 + i - 23. What is y(30)?
7
Let n(p) = p**3 + 21*p**2 - 2*p - 31. Determine n(-21).
11
Let c(m) = -m**3 + 16*m**2 + 14*m + 22. Calculate c(17).
-29
Let m(p) = -p**2 - 16*p - 29. What is m(-3)?
10
Let h(v) = v**3 + 5*v**2 + 2*v + 4. Give h(-5).
-6
Let n(a) = -a**3 + 14*a**2 - 8*a - 23. Determine n(13).
42
Let w(y) = -y**2 + 6*y - 6. What is w(4)?
2
Let y(k) = k**2 - 12. What is y(-7)?
37
Let f(o) = 2*o**2 - 6*o + 1. Determine f(4).
9
Let k(v) = -19*v**3 + 3*v - 2. What is k(-2)?
144
Let g(h) = -h**3 + 13*h**2 + 19*h + 20. What is g(14)?
90
Let d(j) = j**3 - 61*j**2 + 172*j + 110. What is d(58)?
-6
Let a(v) = 23*v + 205. What is a(-8)?
21
Let g(u) = -4*u + 31. Determine g(13).
-21
Let q(s) = s**3 - 22*s**2 + 18*s + 44. Determine q(21).
-19
Let v(n) = n**2 + 6*n + 7. Give v(-4).
-1
Let w(s) = 2*s - 1. Determine w(-3).
-7
Let f(d) = -3*d**3 - d + 2. Determine f(2).
-24
Let x(o) = -10*o + 1. Give x(-1).
11
Let x(i) = -2*i**3 - 3*i**2 - 4*i - 7. Give x(-3).
32
Let r(l) = l**3 + 10*l**2 + 11*l + 11. Determine r(-9).
-7
Let i(b) = b**2. Give i(1).
1
Let m(x) = 4*x - 190. Calculate m(47).
-2
Let a(n) = -n**2 + 2*n + 11. What is a(5)?
-4
Let w(u) = -u + 1. Give w(-3).
4
Let a(u) = u + 32. Give a(-21).
11
Let i(o) = -o**3 + 30*o**2 + 63*o + 29. What is i(32)?
-3
Let m(v) = -5*v - 18. Determine m(-10).
32
Let v(b) = 17*b**2 - b - 1. Calculate v(1).
15
Let q(w) = -w**2 + 4*w + 5. Determine q(-4).
-27
Let l(b) = -3*b - 36. What is l(-13)?
3
Let l(i) = -36*i - 175. What is l(-5)?
5
Let w(k) = k**2 + 31*k + 221. Give w(-20).
1
Let u(a) = 3*a + 8. What is u(6)?
26
Let z(c) = c**3 - 13*c**2 + 42*c - 6. What is z(5)?
4
Let k(b) = -b**2 - 4*b + 26. Give k(-8).
-6
Let i(d) = -2*d - 21. What is i(-7)?
-7
Let k(g) = -2*g**2 - 30*g - 3. Give k(-15).
-3
Let x(d) = 6*d - 1. Determine x(-2).
-13
Let x(s) = -s**3 + 11*s**2 - 2*s + 10. Determine x(11).
-12
Let i(u) = -5*u**2 - 3*u + 4. Calculate i(-3).
-32
Let x(r) = -r**3 - 5*r**2 - 3*r - 8. Give x(-4).
-12
Let h(p) = p*